)?
True
Let k = -52 + 122. Is 31 a factor of k?
False
Suppose 0*v - v = 5, 4*c + 2*v + 18 = 0. Let b = c + 5. Is b a multiple of 3?
True
Let d = -1 - 13. Let y = 25 + d. Is 11 a factor of y?
True
Let o(q) be the third derivative of -5*q**4/24 - 5*q**3/6 - q**2. Is 6 a factor of o(-4)?
False
Let y(b) = -5*b - 6. Let a(n) = n - 3. Let j be a(-7). Is y(j) a multiple of 11?
True
Suppose -5*g + 12 = -g. Does 9 divide ((-2)/g)/(2/(-42))?
False
Let a(o) = 6*o**2 + 2*o - 3. Let y be a(2). Suppose 0*i - y = -5*i. Is 4 a factor of i?
False
Let v(w) = 3*w**2 - 2*w + 6. Let q be v(-6). Let f be (14/4)/(3/(-72)). Let g = q + f. Is 21 a factor of g?
True
Let g be 8/28 + 24/14. Let b be (2/(-2))/(g/62). Is b/(-3) - (-1)/(-3) a multiple of 4?
False
Let a be (-2)/6 - 8/(-6). Suppose 3 = -j + a. Let l(m) = -13*m - 3. Is l(j) a multiple of 8?
False
Let z(k) = 14*k - 14. Is z(7) a multiple of 42?
True
Let l be -5 + (-3 + 1 - -1). Suppose 14 = -4*j + 5*j. Let o = j + l. Is 8 a factor of o?
True
Let l be 232/20 + (-4)/(-10). Suppose l = -3*y - y. Does 5 divide ((-3)/2)/(y/10)?
True
Let g be (-3)/(2 - 3 - 0). Let d be 3/(-3)*(-9)/g. Suppose 42 = -0*y + d*y. Is 8 a factor of y?
False
Let p = -16 + 24. Is 2 a factor of p?
True
Is 22 a factor of (24/16)/(6/212)?
False
Let p = 1 - -3. Suppose 7*h = p*h + 21. Is h a multiple of 3?
False
Suppose 4*t + 0*t = 0. Suppose 16 = -2*j + 4*j + 4*p, 4*j - 4*p + 4 = t. Does 2 divide ((-18)/(-4) - j)*2?
False
Let g(z) = z**3 + 6*z**2 - 8*z + 10. Let y be g(-7). Let c = y - 2. Is c a multiple of 7?
False
Let y(x) = -2*x + 15. Is y(0) a multiple of 4?
False
Let v(z) = 8*z**2 + 8*z - 4. Is 26 a factor of v(-5)?
True
Is (310/5 - -1) + -3 a multiple of 8?
False
Let t(q) be the third derivative of 5*q**4/8 + q**3/3 - 6*q**2. Does 17 divide t(1)?
True
Let o(v) = 7*v**2 - 3*v**2 + 4*v - 10 - v - 3*v**2. Is o(5) a multiple of 15?
True
Let u = 443 - 303. Is 14 a factor of (0 - 1)/((-5)/u)?
True
Let s = 190 + -68. Is s a multiple of 31?
False
Let d(m) = -m**2 + 14*m + 9. Is 21 a factor of d(11)?
True
Is 9 a factor of -2 - -65 - 0/(3/(-3))?
True
Let f = 8 - -23. Is f a multiple of 16?
False
Suppose -108 = -q - 0*q. Is 27 a factor of q?
True
Let a be ((-131)/(-2))/(1/2). Let z = -88 + a. Let n = z + -27. Is n a multiple of 16?
True
Suppose 0 = 5*s + 4*a - 603, 0*s = -s + 2*a + 115. Let w = s + -71. Is 16 a factor of w?
True
Let y(u) be the third derivative of u**6/120 - u**5/12 - u**4/12 + 4*u**2. Let q be y(5). Is 4 a factor of 14*1*(-5)/q?
False
Suppose 0 = 4*d - 28 - 0. Does 7 divide d?
True
Let u = 5 - 4. Let p be u*1/(3/15). Suppose 4*r + r = p*z - 5, 3*r - 9 = z. Is 6 a factor of z?
True
Does 18 divide 8166/42 + (-3)/7?
False
Let z(f) = -29*f**3 + 2*f + 1. Is 14 a factor of z(-1)?
True
Is 13 a factor of 2/(1 - -1) - (12 + -37)?
True
Let a(v) be the third derivative of 1/2*v**3 - 1/4*v**4 + 1/15*v**5 - 2*v**2 + 1/120*v**6 + 0*v + 0. Does 3 divide a(-5)?
False
Suppose 3*o + 3*o - 324 = 0. Is o a multiple of 18?
True
Suppose 0*j = 5*j - 15. Suppose -j*n = -0 - 54. Does 6 divide n?
True
Let y(u) = u**3 + 11*u**2 - 8*u. Let d be y(-7). Suppose -2*v + 72 = -v + 4*n, -4*v + d = -2*n. Is v a multiple of 16?
True
Let d(n) be the second derivative of n**4/12 - n**2/2 + n. Is 7 a factor of d(4)?
False
Suppose -72 - 24 = 2*k. Let j = 110 + k. Is 16 a factor of j?
False
Suppose -204 - 864 = 4*i. Let p be ((-2)/6)/(1/i). Suppose -b = -5, -p = -5*m - 2*b - 4. Is 15 a factor of m?
True
Let o be (1/3)/(2/(-6)). Let i = -1 - o. Suppose h = -i*h + 8. Is h a multiple of 4?
True
Suppose -4*o + 26 + 33 = -5*w, -5*w + 40 = 5*o. Is o a multiple of 5?
False
Suppose -330 = 9*i - 12*i. Suppose -5*x = d - i, -d = 4*x - 4*d - 107. Is 15 a factor of x?
False
Let y(c) be the second derivative of c**3/2 + 3*c**2/2 + 2*c. Let a be -3*2/(-6)*4. Is y(a) a multiple of 12?
False
Let q(d) = 4*d**3 + d**2 - 3*d + 1. Suppose 0 = -t + 4*v + 2, -2*t - 2*v - 2*v = -4. Is 15 a factor of q(t)?
False
Suppose -3*t + 3 = -2*t - x, 5*t - 33 = -4*x. Suppose -4*h + 22 = 3*j, -4*j - t*h + 2*h = -27. Is j a multiple of 4?
False
Let k(x) = -x**3 - 2*x**2 + 3*x. Let i(d) = d - 3. Let w be i(0). Let t be k(w). Let y = t + 9. Is 9 a factor of y?
True
Suppose 2*t - 8 = -2*t. Let o = 48 + -15. Suppose -p + o = -t. Is 16 a factor of p?
False
Let v = -27 + 59. Is 8 a factor of v?
True
Let d = 12 + -7. Suppose -3*b - d*t + 54 = 0, -t - 6 = -3*t. Does 5 divide b?
False
Let r(k) = -k**2 - 6*k + 7. Let i be r(-6). Suppose -b - i = -17. Suppose -q = -b - 0. Is 10 a factor of q?
True
Let q be 14 - (4 + -4 + 1). Suppose 35 = -12*u + q*u. Is u a multiple of 7?
True
Suppose 0 = -u + 4*u - 63. Let y be 6/u - (-110)/7. Is -3 + 4 + -2 + y a multiple of 15?
True
Suppose 0*a + 45 = 5*a. Let k = a - 7. Suppose -2*t = -4*g - 54, -t - 4*g = -k*t + 23. Does 16 divide t?
False
Let p(y) be the third derivative of y**5/60 + y**4/12 - y**3/2 + 2*y**2. Is 4 a factor of p(-5)?
True
Let f = 2 + 13. Let x = f + -4. Is x a multiple of 9?
False
Suppose o = 2*u - 123, -4*u + 5*o + 320 = u. Let v = -17 + u. Does 20 divide v?
False
Let t = 133 - 68. Does 13 divide t?
True
Let r(p) be the second derivative of 2*p**3/3 - 5*p**2/2 - 3*p. Is 5 a factor of r(5)?
True
Suppose -4*u - 16 = 0, -3*r = r - 3*u - 48. Let a be (-3)/(-9) + 1455/r. Suppose 0 = 2*x + j - 74, -5*x = -j - 37 - a. Does 15 divide x?
False
Let t = 45 + 2. Let a = 67 - t. Suppose -2*m + 24 = -a. Does 11 divide m?
True
Suppose -s = -1 - 1. Suppose 12 = 2*d - s*a, 3 + 1 = -2*a. Suppose 3*w = d*w - 4. Is w even?
True
Let j(s) = -s**3 - 2*s**2 + 4*s + 2. Let h be j(-3). Let v be 3/(-4) + 387/36. Let d = h + v. Does 9 divide d?
True
Let z be (0 - 1) + 1 - -45. Is (-4)/12*0 + z a multiple of 24?
False
Suppose -2*l - 3 = -11. Suppose 63 = 3*s + c, 2*s - 68 = l*c - 12. Does 6 divide s?
False
Suppose 2*o - 7*o + 235 = 0. Let f = -31 + o. Is 5 a factor of f?
False
Suppose -36*o + 504 = -34*o. Does 42 divide o?
True
Suppose -x + 2*x - 2 = -q, x = 4*q - 8. Is (1/q)/((-3)/(-96)) a multiple of 16?
True
Let p be (0 - 0 - -2)/2. Let w(r) = -27*r**3 + 2*r**2 + 3*r - 4. Let m(u) = 81*u**3 - 6*u**2 - 8*u + 11. Let h(c) = 3*m(c) + 8*w(c). Does 16 divide h(p)?
False
Let i(f) = 4*f - 7. Let m(o) = -1. Let w(l) = i(l) - 5*m(l). Does 3 divide w(3)?
False
Let g be 88/(-14) + (-18)/(-63). Is 5 a factor of 9/g*48/(-9)?
False
Let f = -6 - 14. Let v be (-2 - f) + -2 + -2. Does 7 divide v*3/6*1?
True
Let z = 63 - 30. Is z a multiple of 11?
True
Is 9 a factor of 8 + -4 - -1*15?
False
Let x be 150 + (1 + 2 - 0). Let u = -96 + x. Suppose 3*y - u = 9. Is 11 a factor of y?
True
Let v be 2/(-9) + 1038/54. Suppose 8 = x - 2*s - v, s = -1. Is 25 a factor of x?
True
Suppose -14 - 64 = -m + q, 2*m - 3*q - 155 = 0. Is m a multiple of 21?
False
Let y = 88 + -52. Suppose -y = -3*c - 0*c. Is 10 a factor of c?
False
Let b = 57 - 7. Is 26 a factor of b?
False
Let l(a) = -7*a**2 + 2*a - 3. Let k be l(-3). Let w = 120 + k. Is w a multiple of 16?
True
Suppose -4*w = -5*q - 7, -3*q + 2*w - 4*w = -9. Is 32/(-6)*(q + -7) a multiple of 16?
True
Is 13 a factor of (-1)/(-6) - (-5005)/66?
False
Suppose -15 = -2*q - 3. Let w = q + 1. Is w a multiple of 3?
False
Suppose 4*r - 2*v = -1 - 3, 4*r + 28 = -4*v. Let b = -10 - r. Let s = 17 + b. Is 7 a factor of s?
False
Let t(n) = 7*n + 3. Let j(r) = 27*r + 12. Let p(x) = 4*j(x) - 15*t(x). Does 6 divide p(5)?
True
Let o = 0 + -2. Let q be ((-6)/(-9))/(o/(-15)). Suppose -m + 2*m = -3*c + 25, 0 = -5*c + q*m + 75. Is c a multiple of 5?
True
Let v = -156 - -244. Is v a multiple of 8?
True
Let y = -44 + 62. Let z = 44 - y. Is z a multiple of 13?
True
Let p = 400 - 255. Does 29 divide p?
True
Is 10 a factor of 75 + (-5)/(20/(-12))?
False
Let p(b) = -10*b - b**3 + 0 + 20*b**2 - 1 - 7*b**2 + 5. Is 14 a factor of p(12)?
True
Let w = 15 + -7. Let k = 5 - 3. Suppose -k*o + w + 8 = 0. Does 4 divide o?
True
Let m = 71 - -73. Does 16 divide m?
True
Let z = 214 + -152. Does 31 divide z?
True
Is (312 - 2) + 2 - -3 a multiple of 15?
True
Suppose 4*v = -0*v + 4. Let o = v - -1. Is (-22)/4*(o + -6) a multiple of 13?
False
Let w(j) = -j**3 - 6*j**2 + 7*j + 7. Is 4 a factor of w(-7)?
False
Let w be 36/15 - 2/5. Suppose 4*b - 3*x - x - 28 = 0, -18 = -2*b + 3*x. Suppose -w*z = -b*y + 2*z + 82, -2*z